late the highest common divisor of 7309242 and 372.
186
What is the greatest common divisor of 31428 and 7188?
12
What is the greatest common factor of 936 and 25992?
72
What is the highest common divisor of 71550 and 162?
54
Calculate the highest common divisor of 1143720 and 22945.
1765
Calculate the highest common factor of 1659 and 12482.
79
Calculate the greatest common divisor of 16464 and 528.
48
Calculate the highest common factor of 17523 and 231.
33
What is the greatest common factor of 7450 and 23095?
745
What is the highest common divisor of 1022 and 1246?
14
Calculate the greatest common factor of 17 and 449.
1
Calculate the greatest common divisor of 24446 and 306.
34
Calculate the greatest common factor of 4664 and 115328.
424
Calculate the highest common factor of 3969 and 6561.
81
What is the highest common divisor of 82836 and 2132?
52
What is the greatest common divisor of 13 and 97253?
13
Calculate the highest common divisor of 4686 and 2410166.
1562
Calculate the greatest common divisor of 225480 and 40.
40
What is the highest common factor of 2751 and 2606769?
393
What is the greatest common divisor of 153 and 133569?
153
Calculate the highest common divisor of 179190 and 3190.
110
Calculate the highest common divisor of 8321 and 318.
53
What is the highest common divisor of 95 and 930?
5
What is the greatest common divisor of 11500 and 15700?
100
Calculate the greatest common divisor of 9 and 5331.
3
Calculate the highest common factor of 8140 and 20276.
148
Calculate the highest common divisor of 126 and 256968.
18
What is the greatest common factor of 1736 and 1358?
14
Calculate the greatest common factor of 702 and 9178.
26
Calculate the highest common divisor of 1134 and 176202.
54
What is the greatest common divisor of 1179 and 363?
3
What is the greatest common divisor of 60996 and 163047?
1173
What is the greatest common divisor of 6697 and 12851?
181
What is the greatest common divisor of 177 and 562?
1
What is the highest common divisor of 2542576 and 16?
16
Calculate the greatest common divisor of 243798 and 179.
179
What is the highest common factor of 429 and 29094?
39
Calculate the greatest common divisor of 42 and 3290.
14
Calculate the highest common divisor of 55 and 329901.
11
Calculate the greatest common divisor of 147354 and 246.
246
Calculate the greatest common factor of 789 and 8961.
3
What is the greatest common factor of 413397 and 1098?
549
What is the greatest common divisor of 1083 and 14307?
57
What is the greatest common factor of 93194 and 1156?
34
What is the highest common factor of 97234 and 305?
61
Calculate the highest common divisor of 182655 and 328.
41
What is the greatest common divisor of 1924 and 5254?
74
What is the greatest common divisor of 2266484 and 176?
44
Calculate the greatest common divisor of 228 and 211812.
228
Calculate the greatest common factor of 410 and 835990.
410
Calculate the greatest common factor of 61049 and 2419.
41
Calculate the highest common factor of 20400 and 34.
34
Calculate the greatest common factor of 10515 and 3.
3
What is the highest common factor of 29394 and 84561?
213
What is the greatest common divisor of 84 and 33292?
28
Calculate the greatest common factor of 4559333 and 43.
43
What is the greatest common factor of 128 and 1320?
8
What is the highest common factor of 49864 and 5336?
184
What is the greatest common divisor of 8 and 14406?
2
Calculate the greatest common divisor of 25 and 1981055.
5
Calculate the greatest common divisor of 195829 and 3277.
113
Calculate the greatest common divisor of 70156 and 12.
4
Calculate the highest common factor of 19164 and 1086.
6
Calculate the greatest common divisor of 19978 and 1456.
14
What is the highest common factor of 27360 and 270?
90
Calculate the highest common factor of 156 and 5343.
39
What is the highest common factor of 918627 and 3?
3
Calculate the greatest common divisor of 382300 and 300.
100
Calculate the highest common factor of 72 and 8604.
36
What is the highest common divisor of 95620 and 5?
5
What is the highest common divisor of 132514 and 2?
2
What is the greatest common divisor of 589889 and 29?
29
What is the highest common divisor of 810 and 77922?
162
Calculate the highest common factor of 2096 and 13456.
16
What is the highest common divisor of 608850 and 396?
198
What is the greatest common divisor of 72 and 822720?
24
Calculate the greatest common factor of 14892 and 4161.
219
What is the highest common divisor of 461652 and 1054?
1054
Calculate the highest common divisor of 1122240 and 12.
12
Calculate the greatest common factor of 589 and 44840.
19
Calculate the greatest common factor of 12 and 95100.
12
Calculate the highest common divisor of 133 and 1113077.
133
Calculate the highest common divisor of 74 and 5735.
37
Calculate the greatest common divisor of 22748 and 143726.
1034
What is the highest common factor of 371712 and 256?
256
What is the greatest common divisor of 826 and 182?
14
Calculate the greatest common divisor of 3996 and 912.
12
Calculate the greatest common divisor of 92270 and 1770.
10
What is the highest common factor of 168303 and 9?
3
What is the greatest common divisor of 73116 and 40?
4
Calculate the greatest common divisor of 32 and 2325344.
32
What is the highest common divisor of 2312 and 77452?
1156
What is the highest common divisor of 1913433 and 57?
57
Calculate the greatest common factor of 470673 and 62.
31
Calculate the highest common divisor of 222 and 318.
6
Calculate the highest common divisor of 392 and 1344.
56
What is the greatest common factor of 105 and 101565?
15
Calculate the greatest common divisor of 183828 and 21.
3
Calculate the greatest common divisor of 54270 and 120.
30
What is the greatest common factor of 1854 and 662496?
618
What is the greatest common divisor of 682 and 502882?
62
Calculate the greatest common divisor of 6195 and 6903.
177
What is the highest common divisor of 625 and 512000?
125
Calculate the greatest common divisor of 4160 and 195.
65
What is the greatest common factor of 377 and 23113?
29
What is the highest common divisor of 422 and 308482?
422
Calculate the highest common divisor of 24947 and 19513.
247
What is the highest common factor of 117798 and 957?
87
What is the greatest common divisor of 1 and 3478?
1
Calculate the greatest common factor of 326601 and 495.
99
What is the greatest common divisor of 3351 and 87?
3
What is the highest common divisor of 47598 and 6?
6
Calculate the greatest common factor of 69555 and 225.
15
What is the highest common divisor of 19838 and 39131?
109
Calculate the highest common divisor of 5410 and 10780.
10
What is the highest common factor of 66 and 12732?
6
What is the greatest common divisor of 142 and 136959?
71
Calculate the greatest common factor of 141 and 39433.
47
What is the greatest common divisor of 73103 and 615?
41
What is the greatest common factor of 56819 and 28?
7
Calculate the greatest common factor of 2743 and 12389.
13
Calculate the greatest common divisor of 14 and 1814246.
14
Calculate the greatest common factor of 99 and 446193.
99
What is the highest common divisor of 19055 and 35705?
185
Calculate the greatest common divisor of 28 and 49636.
4
What is the greatest common factor of 33423 and 897?
39
What is the highest common factor of 486 and 650898?
18
Calculate the highest common factor of 909592 and 40.
8
What is the greatest common divisor of 8528 and 6656?
208
Calculate the greatest common factor of 7680 and 1824.
96
What is the highest common divisor of 143 and 159341?
13
Calculate the highest common factor of 902 and 15416.
82
Calculate the highest common factor of 588 and 696.
12
Calculate the highest common factor of 64 and 444024.
8
Calculate the greatest common divisor of 38907 and 495.
99
Calculate the highest common factor of 7 and 919744.
7
What is the highest common factor of 34272 and 987?
21
What is the highest common divisor of 1454664 and 8?
8
Calculate the greatest common divisor of 80 and 10272.
16
Calculate the greatest common divisor of 1290 and 46698.
258
Calculate the greatest common factor of 580 and 1943.
29
What is the greatest common divisor of 753 and 8255139?
753
What is the highest commo